of d and 104.
8
Let p(t) = 8*t - 6. Let q be p(6). Suppose b - 8*b = -q. Calculate the highest common factor of b and 15.
3
Let m = 310 - 285. What is the highest common divisor of 5 and m?
5
Let y be (-8 + -8 + -8)*-6. Calculate the greatest common divisor of y and 54.
18
Let r be -8 + 1 - 6/(-3). Let t be 5*(2/r)/(-1). Suppose 2*l - 14 = -5*l. Calculate the highest common divisor of t and l.
2
Suppose -3*a + 5*j + 36 = 0, -5*j - 17 - 5 = -a. Let n = 29 + -21. Suppose r + n - 36 = 0. Calculate the greatest common factor of r and a.
7
Let b = -149 + 221. Let r be ((-6)/12)/((-2)/b). Let w = 31 - r. What is the greatest common factor of w and 143?
13
Suppose 4*l = 3*v - 2*v - 124, 0 = 5*l + 2*v + 168. Let t = l - -33. Calculate the greatest common factor of t and 8.
1
Suppose -i = i - 28. Let h be 7/(i/(-4)) + -67. Let r = h - -213. What is the greatest common factor of 16 and r?
16
Let w(v) = 19*v - 115. Let a be w(8). What is the highest common factor of a and 37?
37
Suppose 5*s = -i + 6 + 18, 48 = 4*i + 4*s. Let l = i + -9. Suppose l = 4*p - 18 - 66. Calculate the greatest common factor of p and 210.
21
Let y(z) = z**2 + 8*z + 6. Let m be y(-6). Let b = m - -18. Suppose f + 166 = 174. What is the greatest common factor of f and b?
4
Suppose 252 = 2*t + 2*t. What is the greatest common factor of t and 42?
21
Suppose -c = 0, -34*m - 5*c = -37*m + 9. Calculate the highest common factor of 18 and m.
3
Let m = -194 + 197. Calculate the highest common factor of 12 and m.
3
Suppose -4*n + 12 = 72. Let y = n + 28. Calculate the greatest common factor of 65 and y.
13
Suppose 5*y - 3*r = 93, -2*y - 3*r + 34 = -r. Let d = 160 + -70. Suppose -d = -3*w + w. What is the highest common factor of w and y?
9
Let k be (20/30)/(-2 + (-224)/(-108)). What is the highest common factor of k and 2169?
9
Let j = 15 + -9. Let f be (1 + 6/9)/(5/90). Calculate the highest common divisor of f and j.
6
Suppose 4*u + 60 = y, y - 225 = -2*y - 3*u. Suppose 0 = -2*x - 60 - y. Let f = 9 - x. What is the greatest common factor of f and 30?
15
Suppose -y - 3*y - 2*j - 6 = 0, 3*j + 9 = 0. Suppose g - 6 = -y*g. Let k = 10 + g. What is the greatest common divisor of k and 32?
16
Suppose -8*x + 12*x - 128 = 0. Let o = -120 + 168. Calculate the highest common divisor of o and x.
16
Suppose -5*w + 3*i = -i + 2, w = 2*i - 4. What is the highest common factor of 2 and w?
2
Suppose -13*g - 33 = -2*m - 16*g, 4*g - 56 = -4*m. Calculate the greatest common divisor of 729 and m.
9
Suppose -22*q + 26 = -19*q + 4*j, -5*q - 2*j = -20. Calculate the highest common factor of q and 16.
2
Let s be 1 - (3 + -8)*1. Suppose 4*j - 380 = -3*q, 2*q - 3*j = -s*j + 253. What is the greatest common factor of q and 32?
32
Suppose u - 384 = -2*u. Let f be u/9 - (-2)/(-9). What is the highest common divisor of 98 and f?
14
Let x(h) = h**2 - h + 1. Let n(f) = -5*f**2 - 22*f - 32. Let r(g) = -n(g) - 4*x(g). Let j be r(-26). Calculate the greatest common divisor of 7 and j.
7
Let b = -247 - -409. Calculate the greatest common factor of 198 and b.
18
Let a be (-6)/((-6)/(2 - -1)). Let l(u) = u**2 + 6*u + 8. Let f be l(-8). Let d be (-28)/a*f/(-8). What is the greatest common divisor of d and 7?
7
Suppose 41*q - 3740 - 1426 = 0. Calculate the highest common divisor of 54 and q.
18
Let h(n) = -n**2 + 9*n + 7. Let a be h(8). Let q be 505/a - (-4)/(-6). Calculate the highest common divisor of q and 264.
33
Let y be -13 + 36 - (2 - 2). What is the highest common divisor of y and 23?
23
Let m = -4 - -9. Suppose -13 = -3*i + m. Let l be (14/(-6))/((-2)/i). What is the greatest common divisor of l and 70?
7
Let u = 14 + -13. Let r = -1 - u. Let f be 7/((-34)/18 - r). Calculate the greatest common divisor of f and 7.
7
Let t(k) = 4*k + 108. Let m be t(21). What is the highest common divisor of 3 and m?
3
Let d be (2/4)/(16/1504). Calculate the greatest common divisor of 94 and d.
47
Suppose 3*t = 4*l - 4 - 1, 5*t = -3*l + 40. Suppose -y + d + 6 = 0, 0*d - 33 = -t*y + 2*d. What is the greatest common factor of y and 35?
7
Let t be 4/(-10) - (-411)/15. Suppose -t - 18 = -5*k. Let r be (-2764)/(-44) - (-6)/33. Calculate the highest common divisor of k and r.
9
Let t be 302 + (-64)/(-40)*(-10)/(-4). Calculate the highest common factor of 18 and t.
18
Let n be (-19)/(19/(-6)) - -195. What is the greatest common divisor of 67 and n?
67
Let u(b) = -b**2 + 4*b + 51. Let d be u(0). Calculate the greatest common divisor of 408 and d.
51
Suppose 160 = 218*w - 214*w. What is the greatest common divisor of w and 130?
10
Let z(w) = -2*w**2 - 11*w - 3. Let l be z(-5). Let d(c) = 18*c**3 - 2*c**2 + c + 2. Let a be d(l). What is the greatest common factor of a and 35?
35
Let a(k) = -k**2 + 8*k + 43. Let m be a(11). Suppose -m*l + 335 + 925 = 0. What is the greatest common factor of l and 36?
18
Let z = -19 - -26. Let g = 33 - z. What is the highest common factor of g and 65?
13
Let g(q) = q**2 + 5*q + 2. Let s be g(-7). Let o be (-11)/3 + (-46719)/(-783). What is the highest common factor of o and s?
8
Let t = -146 + 161. Suppose -4*p = -2*p - 90. Calculate the highest common divisor of p and t.
15
Let r(i) = 39*i**2 - 40*i + 41*i - 12*i**2. Let j be r(-1). Let b be j/(-8)*(-6 + -6). Calculate the highest common factor of 13 and b.
13
Suppose -65*q = -23*q - 50862. Calculate the highest common divisor of 7 and q.
7
Let j = 546 - 497. Calculate the highest common divisor of 147 and j.
49
Let w = 1073 + -1060. What is the highest common factor of w and 13?
13
Let f(a) be the second derivative of 1/2*a**3 + 0 - 4*a**2 + 3*a. Let b be f(9). What is the highest common divisor of 209 and b?
19
Suppose 4*x = -3*i + 2*x + 87, 9 = 3*x. Suppose -2*q + u = -0*u - i, -52 = -4*q + 4*u. Calculate the greatest common divisor of 112 and q.
14
Let u = -295 - -305. Let r = -12 + 22. What is the greatest common factor of u and r?
10
Suppose 8 = 6*m - 16. Let j = m - -4. Let b be -3*(-2 - (-34)/(-3)). What is the highest common divisor of b and j?
8
Let b(j) = -j**2 - 11*j + 6. Let q be b(-6). Suppose 72 = 4*u + 5*n, -4*n - q + 0 = -4*u. What is the highest common factor of u and 52?
13
Let c(n) = -n**3 - 2*n**2 + 6*n + 4. Let h be c(-4). Let b be -4*(-7 + 60/8). Let k = h - b. What is the highest common factor of 112 and k?
14
Suppose 3*f + 4*p = 4*f - 37, 219 = 5*f - 3*p. Let w = -105 - -141. Calculate the highest common divisor of w and f.
9
Let a be 5 - (-58 + 12/4 + 5). Calculate the greatest common factor of 1045 and a.
55
Let d be ((-75)/10)/(-15)*100. What is the greatest common factor of 190 and d?
10
Suppose 2*g - 579 - 235 = 0. What is the highest common divisor of 37 and g?
37
Suppose 18 = -6*y - 18. Let a be (y - 0)/((-3)/16). Calculate the greatest common factor of a and 80.
16
Let y be 2/1*(-4)/8. Let n = 1 + y. Suppose 2*b + 10 = 0, -5*r + 5*b + 90 + 255 = n. Calculate the greatest common factor of 16 and r.
16
Let q = -6 - -89. Suppose 2*g - q = 133. Calculate the greatest common divisor of 12 and g.
12
Suppose -9*a + 10*a - 5*w = -2, 4*a = -5*w + 92. What is the greatest common factor of 81 and a?
9
Let a(w) = -32*w - 369. Let s be a(-17). What is the highest common divisor of s and 35?
35
Let v(s) = 5*s + 0*s + 15 + 6*s - 12*s. Let u be v(8). Suppose -2*x + 5*t + 9 = 0, -x = 4*t - t - 10. Calculate the highest common factor of x and u.
7
Suppose -179*y + 175*y = -36. What is the highest common divisor of 51 and y?
3
Let z = 23 + -68. Let r = z - -47. What is the greatest common factor of r and 3?
1
Suppose 7 = 5*l - 8. Suppose -l*f = 43 + 293. Let u = 0 - f. What is the greatest common factor of u and 14?
14
Suppose -3*s = -2*r + 7*r - 51, -10 = -5*s. Calculate the highest common divisor of r and 6.
3
Suppose 21*b = 18*b + 9. Let d = -2 - -47. Suppose 2*t - d = -b. Calculate the highest common factor of 3 and t.
3
Let r be (-1365)/(-25)*(-10 - 0). Let i = -296 - r. Suppose -5*f = -0*f - i. Calculate the greatest common divisor of 20 and f.
10
Let o = 2133 + -2109. Suppose 0 = -2*t + 12. Calculate the highest common divisor of t and o.
6
Let t be (4/(-10))/((-1098)/(-220) - 5). What is the greatest common divisor of 4 and t?
4
Let y(z) = -14*z + 51. Let l be y(8). Let m = 74 + l. Calculate the highest common factor of m and 143.
13
Let